{"id":576,"date":"2022-01-10T19:55:28","date_gmt":"2022-01-10T18:55:28","guid":{"rendered":"https:\/\/kar.slask.pl\/?post_type=product&#038;p=576"},"modified":"2022-09-18T13:19:26","modified_gmt":"2022-09-18T11:19:26","slug":"576","status":"publish","type":"product","link":"https:\/\/kar.slask.pl\/index.php\/produkt\/576\/","title":{"rendered":"Abonament Prawny &#8211; Pakiet Standard"},"content":{"rendered":"","protected":true},"excerpt":{"rendered":"","protected":true},"featured_media":577,"comment_status":"open","ping_status":"closed","template":"","meta":{"jetpack_publicize_message":"","jetpack_publicize_feature_enabled":true,"jetpack_social_post_already_shared":true,"jetpack_social_options":{"image_generator_settings":{"template":"highway","default_image_id":0,"font":"","enabled":false},"version":2}},"product_brand":[],"product_cat":[36],"product_tag":[],"class_list":{"0":"post-576","1":"product","2":"type-product","3":"status-publish","4":"post-password-required","6":"product_cat-abonamenty-dla-firm","8":"first","9":"instock","10":"sale","11":"taxable","12":"shipping-taxable","13":"purchasable","14":"product-type-variable"},"yoast_head":"<!-- This site is optimized with the Yoast SEO plugin v27.5 - https:\/\/yoast.com\/product\/yoast-seo-wordpress\/ -->\n<title>Abonament Prawny - Pakiet Standard - Kancelaria Adwokat\u00f3w i Radc\u00f3w Prawnych. Miodek i partnerzy<\/title>\n<meta name=\"robots\" content=\"index, follow, max-snippet:-1, max-image-preview:large, max-video-preview:-1\" \/>\n<link rel=\"canonical\" href=\"https:\/\/kar.slask.pl\/index.php\/produkt\/576\/\" \/>\n<meta property=\"og:locale\" content=\"pl_PL\" \/>\n<meta property=\"og:type\" content=\"article\" \/>\n<meta property=\"og:title\" content=\"Abonament Prawny - Pakiet Standard - Kancelaria Adwokat\u00f3w i Radc\u00f3w Prawnych. Miodek i partnerzy\" \/>\n<meta property=\"og:description\" content=\"Brak zajawki, poniewa\u017c wpis jest zabezpieczony has\u0142em.\" \/>\n<meta property=\"og:url\" content=\"https:\/\/kar.slask.pl\/index.php\/produkt\/576\/\" \/>\n<meta property=\"og:site_name\" content=\"Kancelaria Adwokat\u00f3w i Radc\u00f3w Prawnych. Miodek i partnerzy\" \/>\n<meta property=\"article:publisher\" content=\"https:\/\/www.facebook.com\/AbonamentyPrawne\" \/>\n<meta property=\"article:modified_time\" content=\"2022-09-18T11:19:26+00:00\" \/>\n<meta name=\"twitter:card\" content=\"summary_large_image\" \/>\n<meta name=\"twitter:label1\" content=\"Szacowany czas czytania\" \/>\n\t<meta name=\"twitter:data1\" content=\"2 minuty\" \/>\n<script type=\"application\/ld+json\" class=\"yoast-schema-graph\">{\"@context\":\"https:\\\/\\\/schema.org\",\"@graph\":[{\"@type\":\"WebPage\",\"@id\":\"https:\\\/\\\/kar.slask.pl\\\/index.php\\\/produkt\\\/576\\\/\",\"url\":\"https:\\\/\\\/kar.slask.pl\\\/index.php\\\/produkt\\\/576\\\/\",\"name\":\"Abonament Prawny - Pakiet Standard - Kancelaria Adwokat\u00f3w i Radc\u00f3w Prawnych. Miodek i partnerzy\",\"isPartOf\":{\"@id\":\"https:\\\/\\\/kar.slask.pl\\\/#website\"},\"datePublished\":\"2022-01-10T18:55:28+00:00\",\"dateModified\":\"2022-09-18T11:19:26+00:00\",\"breadcrumb\":{\"@id\":\"https:\\\/\\\/kar.slask.pl\\\/index.php\\\/produkt\\\/576\\\/#breadcrumb\"},\"inLanguage\":\"pl-PL\"},{\"@type\":\"WebSite\",\"@id\":\"https:\\\/\\\/kar.slask.pl\\\/#website\",\"url\":\"https:\\\/\\\/kar.slask.pl\\\/\",\"name\":\"Kancelaria Adwokat\u00f3w i Radc\u00f3w Prawnych. Miodek i partnerzy\",\"description\":\"Jak ty wybierasz prawnika?\",\"publisher\":{\"@id\":\"https:\\\/\\\/kar.slask.pl\\\/#organization\"},\"potentialAction\":[{\"@type\":\"SearchAction\",\"target\":{\"@type\":\"EntryPoint\",\"urlTemplate\":\"https:\\\/\\\/kar.slask.pl\\\/?s={search_term_string}\"},\"query-input\":{\"@type\":\"PropertyValueSpecification\",\"valueRequired\":true,\"valueName\":\"search_term_string\"}}],\"inLanguage\":\"pl-PL\"},{\"@type\":\"Organization\",\"@id\":\"https:\\\/\\\/kar.slask.pl\\\/#organization\",\"name\":\"Kancelaria Adwokat\u00f3w i Radc\u00f3w Prawnych. Miodek i partnerzy\",\"url\":\"https:\\\/\\\/kar.slask.pl\\\/\",\"logo\":{\"@type\":\"ImageObject\",\"inLanguage\":\"pl-PL\",\"@id\":\"https:\\\/\\\/kar.slask.pl\\\/#\\\/schema\\\/logo\\\/image\\\/\",\"url\":\"https:\\\/\\\/i0.wp.com\\\/kar.slask.pl\\\/wp-content\\\/uploads\\\/2022\\\/01\\\/KAR-logo_pionowe_BLACK.png?fit=811%2C375&ssl=1\",\"contentUrl\":\"https:\\\/\\\/i0.wp.com\\\/kar.slask.pl\\\/wp-content\\\/uploads\\\/2022\\\/01\\\/KAR-logo_pionowe_BLACK.png?fit=811%2C375&ssl=1\",\"width\":811,\"height\":375,\"caption\":\"Kancelaria Adwokat\u00f3w i Radc\u00f3w Prawnych. Miodek i partnerzy\"},\"image\":{\"@id\":\"https:\\\/\\\/kar.slask.pl\\\/#\\\/schema\\\/logo\\\/image\\\/\"},\"sameAs\":[\"https:\\\/\\\/www.facebook.com\\\/AbonamentyPrawne\",\"https:\\\/\\\/www.linkedin.com\\\/company\\\/23680625\"]}]}<\/script>\n<!-- \/ Yoast SEO plugin. -->","yoast_head_json":{"title":"Abonament Prawny - Pakiet Standard - Kancelaria Adwokat\u00f3w i Radc\u00f3w Prawnych. Miodek i partnerzy","robots":{"index":"index","follow":"follow","max-snippet":"max-snippet:-1","max-image-preview":"max-image-preview:large","max-video-preview":"max-video-preview:-1"},"canonical":"https:\/\/kar.slask.pl\/index.php\/produkt\/576\/","og_locale":"pl_PL","og_type":"article","og_title":"Abonament Prawny - Pakiet Standard - Kancelaria Adwokat\u00f3w i Radc\u00f3w Prawnych. Miodek i partnerzy","og_description":"Brak zajawki, poniewa\u017c wpis jest zabezpieczony has\u0142em.","og_url":"https:\/\/kar.slask.pl\/index.php\/produkt\/576\/","og_site_name":"Kancelaria Adwokat\u00f3w i Radc\u00f3w Prawnych. Miodek i partnerzy","article_publisher":"https:\/\/www.facebook.com\/AbonamentyPrawne","article_modified_time":"2022-09-18T11:19:26+00:00","twitter_card":"summary_large_image","twitter_misc":{"Szacowany czas czytania":"2 minuty"},"schema":{"@context":"https:\/\/schema.org","@graph":[{"@type":"WebPage","@id":"https:\/\/kar.slask.pl\/index.php\/produkt\/576\/","url":"https:\/\/kar.slask.pl\/index.php\/produkt\/576\/","name":"Abonament Prawny - Pakiet Standard - Kancelaria Adwokat\u00f3w i Radc\u00f3w Prawnych. Miodek i partnerzy","isPartOf":{"@id":"https:\/\/kar.slask.pl\/#website"},"datePublished":"2022-01-10T18:55:28+00:00","dateModified":"2022-09-18T11:19:26+00:00","breadcrumb":{"@id":"https:\/\/kar.slask.pl\/index.php\/produkt\/576\/#breadcrumb"},"inLanguage":"pl-PL"},{"@type":"WebSite","@id":"https:\/\/kar.slask.pl\/#website","url":"https:\/\/kar.slask.pl\/","name":"Kancelaria Adwokat\u00f3w i Radc\u00f3w Prawnych. Miodek i partnerzy","description":"Jak ty wybierasz prawnika?","publisher":{"@id":"https:\/\/kar.slask.pl\/#organization"},"potentialAction":[{"@type":"SearchAction","target":{"@type":"EntryPoint","urlTemplate":"https:\/\/kar.slask.pl\/?s={search_term_string}"},"query-input":{"@type":"PropertyValueSpecification","valueRequired":true,"valueName":"search_term_string"}}],"inLanguage":"pl-PL"},{"@type":"Organization","@id":"https:\/\/kar.slask.pl\/#organization","name":"Kancelaria Adwokat\u00f3w i Radc\u00f3w Prawnych. Miodek i partnerzy","url":"https:\/\/kar.slask.pl\/","logo":{"@type":"ImageObject","inLanguage":"pl-PL","@id":"https:\/\/kar.slask.pl\/#\/schema\/logo\/image\/","url":"https:\/\/i0.wp.com\/kar.slask.pl\/wp-content\/uploads\/2022\/01\/KAR-logo_pionowe_BLACK.png?fit=811%2C375&ssl=1","contentUrl":"https:\/\/i0.wp.com\/kar.slask.pl\/wp-content\/uploads\/2022\/01\/KAR-logo_pionowe_BLACK.png?fit=811%2C375&ssl=1","width":811,"height":375,"caption":"Kancelaria Adwokat\u00f3w i Radc\u00f3w Prawnych. Miodek i partnerzy"},"image":{"@id":"https:\/\/kar.slask.pl\/#\/schema\/logo\/image\/"},"sameAs":["https:\/\/www.facebook.com\/AbonamentyPrawne","https:\/\/www.linkedin.com\/company\/23680625"]}]}},"jetpack_publicize_connections":[],"jetpack_sharing_enabled":true,"_links":{"self":[{"href":"https:\/\/kar.slask.pl\/index.php\/wp-json\/wp\/v2\/product\/576","targetHints":{"allow":["GET"]}}],"collection":[{"href":"https:\/\/kar.slask.pl\/index.php\/wp-json\/wp\/v2\/product"}],"about":[{"href":"https:\/\/kar.slask.pl\/index.php\/wp-json\/wp\/v2\/types\/product"}],"replies":[{"embeddable":true,"href":"https:\/\/kar.slask.pl\/index.php\/wp-json\/wp\/v2\/comments?post=576"}],"wp:featuredmedia":[{"embeddable":true,"href":"https:\/\/kar.slask.pl\/index.php\/wp-json\/wp\/v2\/media\/577"}],"wp:attachment":[{"href":"https:\/\/kar.slask.pl\/index.php\/wp-json\/wp\/v2\/media?parent=576"}],"wp:term":[{"taxonomy":"product_brand","embeddable":true,"href":"https:\/\/kar.slask.pl\/index.php\/wp-json\/wp\/v2\/product_brand?post=576"},{"taxonomy":"product_cat","embeddable":true,"href":"https:\/\/kar.slask.pl\/index.php\/wp-json\/wp\/v2\/product_cat?post=576"},{"taxonomy":"product_tag","embeddable":true,"href":"https:\/\/kar.slask.pl\/index.php\/wp-json\/wp\/v2\/product_tag?post=576"}],"curies":[{"name":"wp","href":"https:\/\/api.w.org\/{rel}","templated":true}]}}

<!-- This site is optimized with the Yoast SEO plugin v27.5 - https://yoast.com/product/yoast-seo-wordpress/ -->
<title>Abonament Prawny - Pakiet Standard - Kancelaria Adwokatów i Radców Prawnych. Miodek i partnerzy</title>
<meta name="robots" content="index, follow, max-snippet:-1, max-image-preview:large, max-video-preview:-1" />
<link rel="canonical" href="https://kar.slask.pl/index.php/produkt/576/" />
<meta property="og:locale" content="pl_PL" />
<meta property="og:type" content="article" />
<meta property="og:title" content="Abonament Prawny - Pakiet Standard - Kancelaria Adwokatów i Radców Prawnych. Miodek i partnerzy" />
<meta property="og:description" content="Brak zajawki, ponieważ wpis jest zabezpieczony hasłem." />
<meta property="og:url" content="https://kar.slask.pl/index.php/produkt/576/" />
<meta property="og:site_name" content="Kancelaria Adwokatów i Radców Prawnych. Miodek i partnerzy" />
<meta property="article:publisher" content="https://www.facebook.com/AbonamentyPrawne" />
<meta property="article:modified_time" content="2022-09-18T11:19:26+00:00" />
<meta name="twitter:card" content="summary_large_image" />
<meta name="twitter:label1" content="Szacowany czas czytania" />
	<meta name="twitter:data1" content="2 minuty" />
<script type="application/ld+json" class="yoast-schema-graph">{"@context":"https:\/\/schema.org","@graph":[{"@type":"WebPage","@id":"https:\/\/kar.slask.pl\/index.php\/produkt\/576\/","url":"https:\/\/kar.slask.pl\/index.php\/produkt\/576\/","name":"Abonament Prawny - Pakiet Standard - Kancelaria Adwokatów i Radców Prawnych. Miodek i partnerzy","isPartOf":{"@id":"https:\/\/kar.slask.pl\/#website"},"datePublished":"2022-01-10T18:55:28+00:00","dateModified":"2022-09-18T11:19:26+00:00","breadcrumb":{"@id":"https:\/\/kar.slask.pl\/index.php\/produkt\/576\/#breadcrumb"},"inLanguage":"pl-PL"},{"@type":"WebSite","@id":"https:\/\/kar.slask.pl\/#website","url":"https:\/\/kar.slask.pl\/","name":"Kancelaria Adwokatów i Radców Prawnych. Miodek i partnerzy","description":"Jak ty wybierasz prawnika?","publisher":{"@id":"https:\/\/kar.slask.pl\/#organization"},"potentialAction":[{"@type":"SearchAction","target":{"@type":"EntryPoint","urlTemplate":"https:\/\/kar.slask.pl\/?s={search_term_string}"},"query-input":{"@type":"PropertyValueSpecification","valueRequired":true,"valueName":"search_term_string"}}],"inLanguage":"pl-PL"},{"@type":"Organization","@id":"https:\/\/kar.slask.pl\/#organization","name":"Kancelaria Adwokatów i Radców Prawnych. Miodek i partnerzy","url":"https:\/\/kar.slask.pl\/","logo":{"@type":"ImageObject","inLanguage":"pl-PL","@id":"https:\/\/kar.slask.pl\/#\/schema\/logo\/image\/","url":"https:\/\/i0.wp.com\/kar.slask.pl\/wp-content\/uploads\/2022\/01\/KAR-logo_pionowe_BLACK.png?fit=811%2C375&ssl=1","contentUrl":"https:\/\/i0.wp.com\/kar.slask.pl\/wp-content\/uploads\/2022\/01\/KAR-logo_pionowe_BLACK.png?fit=811%2C375&ssl=1","width":811,"height":375,"caption":"Kancelaria Adwokatów i Radców Prawnych. Miodek i partnerzy"},"image":{"@id":"https:\/\/kar.slask.pl\/#\/schema\/logo\/image\/"},"sameAs":["https:\/\/www.facebook.com\/AbonamentyPrawne","https:\/\/www.linkedin.com\/company\/23680625"]}]}</script>
<!-- / Yoast SEO plugin. -->

Abonament Prawny - Pakiet Standard - Kancelaria Adwokatów i Radców Prawnych. Miodek i partnerzy

Brak zajawki, ponieważ wpis jest zabezpieczony hasłem.

Kancelaria Adwokatów i Radców Prawnych. Miodek i partnerzy
